{"id":2103,"date":"2021-08-31T11:38:27","date_gmt":"2021-08-31T14:38:27","guid":{"rendered":"https:\/\/www1.eesc.usp.br\/smm\/?page_id=2103"},"modified":"2023-08-17T15:47:54","modified_gmt":"2023-08-17T18:47:54","slug":"professor-eduardo-bellini-ferreira","status":"publish","type":"page","link":"https:\/\/smm.eesc.usp.br\/?page_id=2103","title":{"rendered":"Professor &#8211; Eduardo Bellini Ferreira"},"content":{"rendered":"\t\t<div data-elementor-type=\"wp-page\" data-elementor-id=\"2103\" class=\"elementor elementor-2103\" data-elementor-post-type=\"page\">\n\t\t\t\t\t\t<section class=\"has_eae_slider elementor-section elementor-top-section elementor-element elementor-element-2f5114b4 elementor-section-boxed elementor-section-height-default elementor-section-height-default wpr-particle-no wpr-jarallax-no wpr-parallax-no wpr-sticky-section-no wpr-column-slider-no wpr-equal-height-no\" data-eae-slider=\"81959\" data-id=\"2f5114b4\" data-element_type=\"section\" data-e-type=\"section\">\n\t\t\t\t\t\t<div class=\"elementor-container elementor-column-gap-default\">\n\t\t\t\t\t<div class=\"has_eae_slider elementor-column elementor-col-100 elementor-top-column elementor-element elementor-element-6e86851b\" data-eae-slider=\"74063\" data-id=\"6e86851b\" data-element_type=\"column\" data-e-type=\"column\">\n\t\t\t<div class=\"elementor-widget-wrap elementor-element-populated\">\n\t\t\t\t\t\t<div class=\"elementor-element elementor-element-13da54eb elementor-widget elementor-widget-spacer\" data-id=\"13da54eb\" data-element_type=\"widget\" data-e-type=\"widget\" data-widget_type=\"spacer.default\">\n\t\t\t\t<div class=\"elementor-widget-container\">\n\t\t\t\t\t\t\t<div class=\"elementor-spacer\">\n\t\t\t<div class=\"elementor-spacer-inner\"><\/div>\n\t\t<\/div>\n\t\t\t\t\t\t<\/div>\n\t\t\t\t<\/div>\n\t\t\t\t\t<\/div>\n\t\t<\/div>\n\t\t\t\t\t<\/div>\n\t\t<\/section>\n\t\t\t\t<section class=\"has_eae_slider elementor-section elementor-top-section elementor-element elementor-element-17a5093e elementor-section-boxed elementor-section-height-default elementor-section-height-default wpr-particle-no wpr-jarallax-no wpr-parallax-no wpr-sticky-section-no wpr-column-slider-no wpr-equal-height-no\" data-eae-slider=\"79605\" data-id=\"17a5093e\" data-element_type=\"section\" data-e-type=\"section\">\n\t\t\t\t\t\t<div class=\"elementor-container elementor-column-gap-default\">\n\t\t\t\t\t<div class=\"has_eae_slider elementor-column elementor-col-33 elementor-top-column elementor-element elementor-element-6eb95557\" data-eae-slider=\"11985\" data-id=\"6eb95557\" data-element_type=\"column\" data-e-type=\"column\">\n\t\t\t<div class=\"elementor-widget-wrap elementor-element-populated\">\n\t\t\t\t\t\t<div class=\"elementor-element elementor-element-8296b80 elementor-widget elementor-widget-image\" data-id=\"8296b80\" data-element_type=\"widget\" data-e-type=\"widget\" data-widget_type=\"image.default\">\n\t\t\t\t<div class=\"elementor-widget-container\">\n\t\t\t\t\t\t\t\t\t\t\t\t\t\t\t<img decoding=\"async\" src=\"http:\/\/servicosweb.cnpq.br\/wspessoa\/servletrecuperafoto?tipo=1&#038;id=K4727023J4\" title=\"\" alt=\"\" loading=\"lazy\" \/>\t\t\t\t\t\t\t\t\t\t\t\t\t\t\t<\/div>\n\t\t\t\t<\/div>\n\t\t\t\t\t<\/div>\n\t\t<\/div>\n\t\t\t\t<div class=\"has_eae_slider elementor-column elementor-col-66 elementor-top-column elementor-element elementor-element-5919a86f\" data-eae-slider=\"42170\" data-id=\"5919a86f\" data-element_type=\"column\" data-e-type=\"column\">\n\t\t\t<div class=\"elementor-widget-wrap elementor-element-populated\">\n\t\t\t\t\t\t<div class=\"elementor-element elementor-element-6a7b654b elementor-widget elementor-widget-text-editor\" data-id=\"6a7b654b\" data-element_type=\"widget\" data-e-type=\"widget\" data-widget_type=\"text-editor.default\">\n\t\t\t\t<div class=\"elementor-widget-container\">\n\t\t\t\t\t\t\t\t\t<h1>Eduardo Bellini Ferreira<\/h1><p>Professor Doutor<\/p><p>\u00c1rea de atua\u00e7\u00e3o: Materiais cer\u00e2micos, v\u00edtreos e vitrocer\u00e2micos<\/p><p>Telefone: + 55 16 3373 9592<\/p><p>E-mail: <a href=\"mailto:ebferreira@sc.usp.br\">ebferreira@sc.usp.br<\/a><\/p><p>ORCID:<\/p><p>Scopus Autor ID:<\/p><p><a href=\"http:\/\/lattes.cnpq.br\/7703580367293028\">Curr\u00edculo Lattes<\/a><\/p>\t\t\t\t\t\t\t\t<\/div>\n\t\t\t\t<\/div>\n\t\t\t\t\t<\/div>\n\t\t<\/div>\n\t\t\t\t\t<\/div>\n\t\t<\/section>\n\t\t\t\t<section class=\"has_eae_slider elementor-section elementor-top-section elementor-element elementor-element-d908c63 elementor-section-boxed elementor-section-height-default elementor-section-height-default wpr-particle-no wpr-jarallax-no wpr-parallax-no wpr-sticky-section-no wpr-column-slider-no wpr-equal-height-no\" data-eae-slider=\"91383\" data-id=\"d908c63\" data-element_type=\"section\" data-e-type=\"section\">\n\t\t\t\t\t\t<div class=\"elementor-container elementor-column-gap-default\">\n\t\t\t\t\t<div class=\"has_eae_slider elementor-column elementor-col-100 elementor-top-column elementor-element elementor-element-cac1c8c\" data-eae-slider=\"165\" data-id=\"cac1c8c\" data-element_type=\"column\" data-e-type=\"column\">\n\t\t\t<div class=\"elementor-widget-wrap elementor-element-populated\">\n\t\t\t\t\t\t<div class=\"elementor-element elementor-element-4a6f94b elementor-widget elementor-widget-text-editor\" data-id=\"4a6f94b\" data-element_type=\"widget\" data-e-type=\"widget\" data-widget_type=\"text-editor.default\">\n\t\t\t\t<div class=\"elementor-widget-container\">\n\t\t\t\t\t\t\t\t\t<p style=\"text-align: justify;\">Possui gradua\u00e7\u00e3o em Engenharia de Materiais (1992), mestrado em Engenharia de Materiais (1995), doutorado em Ci\u00eancia e Engenharia de Materiais (2000) e p\u00f3s-doutorado (2001-2003) pela Universidade Federal de S\u00e3o Carlos (UFSCar). Desde Mar\u00e7o\/2010 \u00e9 docente do Departamento de Engenharia de Materiais da Escola de Engenharia de S\u00e3o Carlos (EESC), USP, atuando como Professor Doutor. De Agosto\/2007 a Mar\u00e7o\/2010 foi docente do Departamento de Materiais e Tecnologia da Faculdade de Engenharia da UNESP, Guaratinguet\u00e1, atuando como Professor Assistente de Processamento de Materiais Cer\u00e2micos. Finalizou em Dez\/2007 a coordena\u00e7\u00e3o de um projeto de Pesquisa Inovativa na Pequena e Micro Empresa (PIPE\/FAPESP) junto \u00e0 empresa VITROVITA &#8211; Instituto de Inova\u00e7\u00e3o em Vitrocer\u00e2micos, em S\u00e3o Carlos. Desde 2013 \u00e9 Coordenador de Transfer\u00eancia de Tecnologia do Center for Research, Technology and Education in Vitreous Materials &#8211; CeRTEV, um dos CEPIDs da FAPESP, sediado em S\u00e3o Carlos. Tem experi\u00eancia na \u00e1rea de Engenharia de Materiais, com \u00eanfase em Cer\u00e2micas e Vidros, e interesse nos temas: forma\u00e7\u00e3o de vidros, sinteriza\u00e7\u00e3o e cristaliza\u00e7\u00e3o de vidros, manufatura de materiais vitrocer\u00e2micos, pesquisa e desenvolvimento de vitrocer\u00e2micas para diversas aplica\u00e7\u00f5es.<\/p>\t\t\t\t\t\t\t\t<\/div>\n\t\t\t\t<\/div>\n\t\t\t\t\t<\/div>\n\t\t<\/div>\n\t\t\t\t\t<\/div>\n\t\t<\/section>\n\t\t\t\t<\/div>\n\t\t","protected":false},"excerpt":{"rendered":"","protected":false},"author":1,"featured_media":0,"parent":3502,"menu_order":0,"comment_status":"closed","ping_status":"closed","template":"","meta":{"_acf_changed":false,"_uag_custom_page_level_css":"","site-sidebar-layout":"no-sidebar","site-content-layout":"default","ast-site-content-layout":"default","site-content-style":"default","site-sidebar-style":"default","ast-global-header-display":"","ast-banner-title-visibility":"","ast-main-header-display":"","ast-hfb-above-header-display":"","ast-hfb-below-header-display":"","ast-hfb-mobile-header-display":"","site-post-title":"disabled","ast-breadcrumbs-content":"","ast-featured-img":"disabled","footer-sml-layout":"","ast-disable-related-posts":"","theme-transparent-header-meta":"default","adv-header-id-meta":"","stick-header-meta":"","header-above-stick-meta":"","header-main-stick-meta":"","header-below-stick-meta":"","astra-migrate-meta-layouts":"default","ast-page-background-enabled":"default","ast-page-background-meta":{"desktop":{"background-color":"","background-image":"","background-repeat":"repeat","background-position":"center center","background-size":"auto","background-attachment":"scroll","background-type":"","background-media":"","overlay-type":"","overlay-color":"","overlay-opacity":"","overlay-gradient":""},"tablet":{"background-color":"","background-image":"","background-repeat":"repeat","background-position":"center center","background-size":"auto","background-attachment":"scroll","background-type":"","background-media":"","overlay-type":"","overlay-color":"","overlay-opacity":"","overlay-gradient":""},"mobile":{"background-color":"","background-image":"","background-repeat":"repeat","background-position":"center center","background-size":"auto","background-attachment":"scroll","background-type":"","background-media":"","overlay-type":"","overlay-color":"","overlay-opacity":"","overlay-gradient":""}},"ast-content-background-meta":{"desktop":{"background-color":"var(--ast-global-color-5)","background-image":"","background-repeat":"repeat","background-position":"center center","background-size":"auto","background-attachment":"scroll","background-type":"","background-media":"","overlay-type":"","overlay-color":"","overlay-opacity":"","overlay-gradient":""},"tablet":{"background-color":"var(--ast-global-color-5)","background-image":"","background-repeat":"repeat","background-position":"center center","background-size":"auto","background-attachment":"scroll","background-type":"","background-media":"","overlay-type":"","overlay-color":"","overlay-opacity":"","overlay-gradient":""},"mobile":{"background-color":"var(--ast-global-color-5)","background-image":"","background-repeat":"repeat","background-position":"center center","background-size":"auto","background-attachment":"scroll","background-type":"","background-media":"","overlay-type":"","overlay-color":"","overlay-opacity":"","overlay-gradient":""}},"footnotes":""},"wf_page_folders":[],"class_list":["post-2103","page","type-page","status-publish","hentry"],"acf":[],"uagb_featured_image_src":{"full":false,"thumbnail":false,"medium":false,"medium_large":false,"large":false,"1536x1536":false,"2048x2048":false,"smart-post-landscape":false,"smart-post-portrait":false},"uagb_author_info":{"display_name":"admin","author_link":"https:\/\/smm.eesc.usp.br\/?author=1"},"uagb_comment_info":0,"uagb_excerpt":null,"publishpress_future_action":{"enabled":false,"date":"2026-05-21 13:39:47","action":"change-status","newStatus":"draft","terms":[],"taxonomy":"frm_application","extraData":[]},"publishpress_future_workflow_manual_trigger":{"enabledWorkflows":[]},"_links":{"self":[{"href":"https:\/\/smm.eesc.usp.br\/index.php?rest_route=\/wp\/v2\/pages\/2103","targetHints":{"allow":["GET"]}}],"collection":[{"href":"https:\/\/smm.eesc.usp.br\/index.php?rest_route=\/wp\/v2\/pages"}],"about":[{"href":"https:\/\/smm.eesc.usp.br\/index.php?rest_route=\/wp\/v2\/types\/page"}],"author":[{"embeddable":true,"href":"https:\/\/smm.eesc.usp.br\/index.php?rest_route=\/wp\/v2\/users\/1"}],"replies":[{"embeddable":true,"href":"https:\/\/smm.eesc.usp.br\/index.php?rest_route=%2Fwp%2Fv2%2Fcomments&post=2103"}],"version-history":[{"count":0,"href":"https:\/\/smm.eesc.usp.br\/index.php?rest_route=\/wp\/v2\/pages\/2103\/revisions"}],"up":[{"embeddable":true,"href":"https:\/\/smm.eesc.usp.br\/index.php?rest_route=\/wp\/v2\/pages\/3502"}],"wp:attachment":[{"href":"https:\/\/smm.eesc.usp.br\/index.php?rest_route=%2Fwp%2Fv2%2Fmedia&parent=2103"}],"wp:term":[{"taxonomy":"wf_page_folders","embeddable":true,"href":"https:\/\/smm.eesc.usp.br\/index.php?rest_route=%2Fwp%2Fv2%2Fwf_page_folders&post=2103"}],"curies":[{"name":"wp","href":"https:\/\/api.w.org\/{rel}","templated":true}]}}