{"id":6594,"date":"2025-04-25T09:43:26","date_gmt":"2025-04-25T12:43:26","guid":{"rendered":"https:\/\/smm.eesc.usp.br\/?page_id=6594"},"modified":"2025-04-25T09:43:26","modified_gmt":"2025-04-25T12:43:26","slug":"maquina-universal-de-ensaios-emic","status":"publish","type":"page","link":"https:\/\/smm.eesc.usp.br\/?page_id=6594","title":{"rendered":"Maquina Universal de Ensaios- EMIC"},"content":{"rendered":"\n<p><strong>M\u00e1quina Universal de Ensaios <\/strong><\/p>\n\n\n\n<p><strong>Marca: <\/strong>EMIC<\/p>\n\n\n\n<p><strong>Modelo: <\/strong>DL10000<\/p>\n\n\n\n<p><strong>Descri\u00e7\u00e3o: <\/strong>M\u00e1quina universal com capacidade de 100kN de carga, com funcionamento eletromec\u00e2nico para realiza\u00e7\u00e3o de testes mec\u00e2nicos em materiais e componentes, com possibilidade de ser configurada para executar uma ampla variedade de ensaios mec\u00e2nicos em diferentes tipos de materiais, desde metais e pl\u00e1sticos at\u00e9 borrachas e produtos compostos. Um software associado \u00e0 m\u00e1quina coleta e analisa dados durante o teste, gerando gr\u00e1ficos que descrevem o comportamento mec\u00e2nico do material sob diferentes condi\u00e7\u00f5es.<\/p>\n\n\n\n<p><strong>Aplica\u00e7\u00e3o: <\/strong>Ensaios de tra\u00e7\u00e3o com\/sem extens\u00f4metria, flex\u00e3o e compress\u00e3o.<\/p>\n","protected":false},"excerpt":{"rendered":"<p>M\u00e1quina Universal de Ensaios Marca: EMIC Modelo: DL10000 Descri\u00e7\u00e3o: M\u00e1quina universal com capacidade de 100kN de carga, com funcionamento eletromec\u00e2nico para realiza\u00e7\u00e3o de testes mec\u00e2nicos em materiais e componentes, com possibilidade de ser configurada para executar uma ampla variedade de ensaios mec\u00e2nicos em diferentes tipos de materiais, desde metais e pl\u00e1sticos at\u00e9 borrachas e produtos compostos. Um software associado \u00e0 m\u00e1quina coleta e analisa dados durante o teste, gerando gr\u00e1ficos que descrevem o comportamento mec\u00e2nico do material sob diferentes condi\u00e7\u00f5es. Aplica\u00e7\u00e3o: Ensaios de tra\u00e7\u00e3o com\/sem extens\u00f4metria, flex\u00e3o e compress\u00e3o.<\/p>\n","protected":false},"author":1,"featured_media":0,"parent":0,"menu_order":0,"comment_status":"closed","ping_status":"closed","template":"","meta":{"_acf_changed":false,"_uag_custom_page_level_css":"","site-sidebar-layout":"default","site-content-layout":"","ast-site-content-layout":"default","site-content-style":"default","site-sidebar-style":"default","ast-global-header-display":"","ast-banner-title-visibility":"","ast-main-header-display":"","ast-hfb-above-header-display":"","ast-hfb-below-header-display":"","ast-hfb-mobile-header-display":"","site-post-title":"","ast-breadcrumbs-content":"","ast-featured-img":"","footer-sml-layout":"","ast-disable-related-posts":"","theme-transparent-header-meta":"","adv-header-id-meta":"","stick-header-meta":"","header-above-stick-meta":"","header-main-stick-meta":"","header-below-stick-meta":"","astra-migrate-meta-layouts":"set","ast-page-background-enabled":"default","ast-page-background-meta":{"desktop":{"background-color":"","background-image":"","background-repeat":"repeat","background-position":"center center","background-size":"auto","background-attachment":"scroll","background-type":"","background-media":"","overlay-type":"","overlay-color":"","overlay-opacity":"","overlay-gradient":""},"tablet":{"background-color":"","background-image":"","background-repeat":"repeat","background-position":"center center","background-size":"auto","background-attachment":"scroll","background-type":"","background-media":"","overlay-type":"","overlay-color":"","overlay-opacity":"","overlay-gradient":""},"mobile":{"background-color":"","background-image":"","background-repeat":"repeat","background-position":"center center","background-size":"auto","background-attachment":"scroll","background-type":"","background-media":"","overlay-type":"","overlay-color":"","overlay-opacity":"","overlay-gradient":""}},"ast-content-background-meta":{"desktop":{"background-color":"var(--ast-global-color-5)","background-image":"","background-repeat":"repeat","background-position":"center center","background-size":"auto","background-attachment":"scroll","background-type":"","background-media":"","overlay-type":"","overlay-color":"","overlay-opacity":"","overlay-gradient":""},"tablet":{"background-color":"var(--ast-global-color-5)","background-image":"","background-repeat":"repeat","background-position":"center center","background-size":"auto","background-attachment":"scroll","background-type":"","background-media":"","overlay-type":"","overlay-color":"","overlay-opacity":"","overlay-gradient":""},"mobile":{"background-color":"var(--ast-global-color-5)","background-image":"","background-repeat":"repeat","background-position":"center center","background-size":"auto","background-attachment":"scroll","background-type":"","background-media":"","overlay-type":"","overlay-color":"","overlay-opacity":"","overlay-gradient":""}},"footnotes":""},"wf_page_folders":[],"class_list":["post-6594","page","type-page","status-publish","hentry"],"acf":[],"uagb_featured_image_src":{"full":false,"thumbnail":false,"medium":false,"medium_large":false,"large":false,"1536x1536":false,"2048x2048":false,"smart-post-landscape":false,"smart-post-portrait":false},"uagb_author_info":{"display_name":"admin","author_link":"https:\/\/smm.eesc.usp.br\/?author=1"},"uagb_comment_info":0,"uagb_excerpt":"M\u00e1quina Universal de Ensaios Marca: EMIC Modelo: DL10000 Descri\u00e7\u00e3o: M\u00e1quina universal com capacidade de 100kN de carga, com funcionamento eletromec\u00e2nico para realiza\u00e7\u00e3o de testes mec\u00e2nicos em materiais e componentes, com possibilidade de ser configurada para executar uma ampla variedade de ensaios mec\u00e2nicos em diferentes tipos de materiais, desde metais e pl\u00e1sticos at\u00e9 borrachas e produtos&hellip;","publishpress_future_action":{"enabled":false,"date":"2026-05-15 23:00:15","action":"change-status","newStatus":"draft","terms":[],"taxonomy":"frm_application","extraData":[]},"publishpress_future_workflow_manual_trigger":{"enabledWorkflows":[]},"_links":{"self":[{"href":"https:\/\/smm.eesc.usp.br\/index.php?rest_route=\/wp\/v2\/pages\/6594","targetHints":{"allow":["GET"]}}],"collection":[{"href":"https:\/\/smm.eesc.usp.br\/index.php?rest_route=\/wp\/v2\/pages"}],"about":[{"href":"https:\/\/smm.eesc.usp.br\/index.php?rest_route=\/wp\/v2\/types\/page"}],"author":[{"embeddable":true,"href":"https:\/\/smm.eesc.usp.br\/index.php?rest_route=\/wp\/v2\/users\/1"}],"replies":[{"embeddable":true,"href":"https:\/\/smm.eesc.usp.br\/index.php?rest_route=%2Fwp%2Fv2%2Fcomments&post=6594"}],"version-history":[{"count":0,"href":"https:\/\/smm.eesc.usp.br\/index.php?rest_route=\/wp\/v2\/pages\/6594\/revisions"}],"wp:attachment":[{"href":"https:\/\/smm.eesc.usp.br\/index.php?rest_route=%2Fwp%2Fv2%2Fmedia&parent=6594"}],"wp:term":[{"taxonomy":"wf_page_folders","embeddable":true,"href":"https:\/\/smm.eesc.usp.br\/index.php?rest_route=%2Fwp%2Fv2%2Fwf_page_folders&post=6594"}],"curies":[{"name":"wp","href":"https:\/\/api.w.org\/{rel}","templated":true}]}}