{"id":986,"date":"2021-07-06T09:49:25","date_gmt":"2021-07-06T12:49:25","guid":{"rendered":"https:\/\/www1.eesc.usp.br\/smm\/?page_id=986"},"modified":"2024-07-12T14:22:27","modified_gmt":"2024-07-12T17:22:27","slug":"laboratorio-de-ceramicas-fornos","status":"publish","type":"page","link":"https:\/\/smm.eesc.usp.br\/?page_id=986","title":{"rendered":"Laborat\u00f3rio de Cer\u00e2micas &#8211; Fornos"},"content":{"rendered":"\n<div class=\"wp-block-columns is-layout-flex wp-container-core-columns-is-layout-28f84493 wp-block-columns-is-layout-flex\">\n<div class=\"wp-block-column is-layout-flow wp-block-column-is-layout-flow\" style=\"flex-basis:5%\">      \n\t\t\t<div class=\"uagb-icon-wrapper uagb-block-f0daeceb      \"\n\t\t\tstyle=\"\" >\n\t\t\t\t\t\t\t\t\t<span class=\"uagb-svg-wrapper\" \n\t\t\t\t\t aria-label=\"grip-vertical\"\t\t\t\t\ttabindex=\"0\">\t\t\n\t\t\t\t\t\t\t\t\t\t<svg xmlns=\"https:\/\/www.w3.org\/2000\/svg\" viewBox= \"0 0 320 512\" role=\"graphics-symbol\" aria-hidden=\"false\" aria-label=\"\"><path d=\"M88 352C110.1 352 128 369.9 128 392V440C128 462.1 110.1 480 88 480H40C17.91 480 0 462.1 0 440V392C0 369.9 17.91 352 40 352H88zM280 352C302.1 352 320 369.9 320 392V440C320 462.1 302.1 480 280 480H232C209.9 480 192 462.1 192 440V392C192 369.9 209.9 352 232 352H280zM40 320C17.91 320 0 302.1 0 280V232C0 209.9 17.91 192 40 192H88C110.1 192 128 209.9 128 232V280C128 302.1 110.1 320 88 320H40zM280 192C302.1 192 320 209.9 320 232V280C320 302.1 302.1 320 280 320H232C209.9 320 192 302.1 192 280V232C192 209.9 209.9 192 232 192H280zM40 160C17.91 160 0 142.1 0 120V72C0 49.91 17.91 32 40 32H88C110.1 32 128 49.91 128 72V120C128 142.1 110.1 160 88 160H40zM280 32C302.1 32 320 49.91 320 72V120C320 142.1 302.1 160 280 160H232C209.9 160 192 142.1 192 120V72C192 49.91 209.9 32 232 32H280z\"><\/path><\/svg>\n\t\t\t\t\t\t\t\t\t<\/span>\n\t\t\t\t\t\t\t<\/div>\n\t\t\t<\/div>\n\n\n\n<div class=\"wp-block-column is-layout-flow wp-block-column-is-layout-flow\" style=\"flex-basis:95%\">\n<h1 class=\"wp-block-heading\">Cer\u00e2micas &#8211; Laborat\u00f3rio de Fornos<\/h1>\n\n\n\n<hr class=\"wp-block-separator has-text-color has-ast-global-color-6-color has-alpha-channel-opacity has-ast-global-color-6-background-color has-background is-style-wide\"\/>\n<\/div>\n<\/div>\n\n\n\n<p>Docente respons\u00e1vel: Eduardo Bellini Ferreira<\/p>\n\n\n\n<p>T\u00e9cnico respons\u00e1vel: Pedro Luiz Di Lorenzo<\/p>\n\n\n\n<p>Telefone: (16) 3373-9592 \/ 3373-8713<\/p>\n\n\n\n<p>E-mail: ebferreira@sc.usp.br<\/p>\n\n\n\n<div style=\"height:30px\" aria-hidden=\"true\" class=\"wp-block-spacer\"><\/div>\n\n\n\n<h3 class=\"wp-block-heading\">Sobre o laborat\u00f3rio<\/h3>\n\n\n\n<p>.<\/p>\n\n\n\n<div style=\"height:30px\" aria-hidden=\"true\" class=\"wp-block-spacer\"><\/div>\n\n\n\n<h3 class=\"wp-block-heading\">Pesquisas desenvolvidas<\/h3>\n\n\n\n<p>.<\/p>\n\n\n\n<div style=\"height:30px\" aria-hidden=\"true\" class=\"wp-block-spacer\"><\/div>\n\n\n\n<h3 class=\"wp-block-heading\">Equipamentos<\/h3>\n\n\n\n<ul class=\"wp-block-list\">\n<li>Forno de Laborat\u00f3rio DELTECH DT-31-RS-78;<\/li>\n\n\n\n<li>Forno de Laborat\u00f3rio DELTECH DT-31-RS-1816;<\/li>\n\n\n\n<li>Banho de Circula\u00e7\u00e3o BROOKFIELD TC-550SD &#8211; 115V 1A13C362;<\/li>\n\n\n\n<li>Forno de Laborat\u00f3rio WT TEMP. 1600 Graus, vertical IDWTI28816;<\/li>\n\n\n\n<li>Forno Mufla FORTELAB INOX-LINE ML1700;<\/li>\n\n\n\n<li>Forno Mufla;<\/li>\n\n\n\n<li>Balan\u00e7a BK 300 modelo NOVO;<\/li>\n\n\n\n<li>Agitador Mec\u00e2nico SERVITECH CT-054&nbsp; 220V &#8211; CAP. 5L &#8211; 250W;<\/li>\n\n\n\n<li>Forno De Laborat\u00f3rio INTI FL 1300 CAP. 40L &#8211; TEMP. MAX. 1280GRAUS.<\/li>\n<\/ul>\n","protected":false},"excerpt":{"rendered":"<p>Cer\u00e2micas &#8211; Laborat\u00f3rio de Fornos Docente respons\u00e1vel: Eduardo Bellini Ferreira T\u00e9cnico respons\u00e1vel: Pedro Luiz Di Lorenzo Telefone: (16) 3373-9592 \/ 3373-8713 E-mail: ebferreira@sc.usp.br Sobre o laborat\u00f3rio . Pesquisas desenvolvidas . Equipamentos<\/p>\n","protected":false},"author":1,"featured_media":0,"parent":484,"menu_order":0,"comment_status":"closed","ping_status":"closed","template":"","meta":{"_acf_changed":false,"_uag_custom_page_level_css":"","site-sidebar-layout":"no-sidebar","site-content-layout":"page-builder","ast-site-content-layout":"default","site-content-style":"unboxed","site-sidebar-style":"unboxed","ast-global-header-display":"","ast-banner-title-visibility":"","ast-main-header-display":"","ast-hfb-above-header-display":"","ast-hfb-below-header-display":"","ast-hfb-mobile-header-display":"","site-post-title":"disabled","ast-breadcrumbs-content":"","ast-featured-img":"disabled","footer-sml-layout":"","ast-disable-related-posts":"","theme-transparent-header-meta":"default","adv-header-id-meta":"","stick-header-meta":"","header-above-stick-meta":"","header-main-stick-meta":"","header-below-stick-meta":"","astra-migrate-meta-layouts":"set","ast-page-background-enabled":"default","ast-page-background-meta":{"desktop":{"background-color":"","background-image":"","background-repeat":"repeat","background-position":"center center","background-size":"auto","background-attachment":"scroll","background-type":"","background-media":"","overlay-type":"","overlay-color":"","overlay-opacity":"","overlay-gradient":""},"tablet":{"background-color":"","background-image":"","background-repeat":"repeat","background-position":"center center","background-size":"auto","background-attachment":"scroll","background-type":"","background-media":"","overlay-type":"","overlay-color":"","overlay-opacity":"","overlay-gradient":""},"mobile":{"background-color":"","background-image":"","background-repeat":"repeat","background-position":"center center","background-size":"auto","background-attachment":"scroll","background-type":"","background-media":"","overlay-type":"","overlay-color":"","overlay-opacity":"","overlay-gradient":""}},"ast-content-background-meta":{"desktop":{"background-color":"var(--ast-global-color-5)","background-image":"","background-repeat":"repeat","background-position":"center center","background-size":"auto","background-attachment":"scroll","background-type":"","background-media":"","overlay-type":"","overlay-color":"","overlay-opacity":"","overlay-gradient":""},"tablet":{"background-color":"var(--ast-global-color-5)","background-image":"","background-repeat":"repeat","background-position":"center center","background-size":"auto","background-attachment":"scroll","background-type":"","background-media":"","overlay-type":"","overlay-color":"","overlay-opacity":"","overlay-gradient":""},"mobile":{"background-color":"var(--ast-global-color-5)","background-image":"","background-repeat":"repeat","background-position":"center center","background-size":"auto","background-attachment":"scroll","background-type":"","background-media":"","overlay-type":"","overlay-color":"","overlay-opacity":"","overlay-gradient":""}},"footnotes":""},"wf_page_folders":[],"class_list":["post-986","page","type-page","status-publish","hentry"],"acf":[],"uagb_featured_image_src":{"full":false,"thumbnail":false,"medium":false,"medium_large":false,"large":false,"1536x1536":false,"2048x2048":false},"uagb_author_info":{"display_name":"admin","author_link":"https:\/\/smm.eesc.usp.br\/?author=1"},"uagb_comment_info":0,"uagb_excerpt":"Cer\u00e2micas &#8211; Laborat\u00f3rio de Fornos Docente respons\u00e1vel: Eduardo Bellini Ferreira T\u00e9cnico respons\u00e1vel: Pedro Luiz Di Lorenzo Telefone: (16) 3373-9592 \/ 3373-8713 E-mail: ebferreira@sc.usp.br Sobre o laborat\u00f3rio . Pesquisas desenvolvidas . Equipamentos","publishpress_future_action":{"enabled":false,"date":"2026-04-18 18:31:21","action":"change-status","newStatus":"draft","terms":[],"taxonomy":"wf_page_folders","extraData":[]},"publishpress_future_workflow_manual_trigger":{"enabledWorkflows":[]},"_links":{"self":[{"href":"https:\/\/smm.eesc.usp.br\/index.php?rest_route=\/wp\/v2\/pages\/986","targetHints":{"allow":["GET"]}}],"collection":[{"href":"https:\/\/smm.eesc.usp.br\/index.php?rest_route=\/wp\/v2\/pages"}],"about":[{"href":"https:\/\/smm.eesc.usp.br\/index.php?rest_route=\/wp\/v2\/types\/page"}],"author":[{"embeddable":true,"href":"https:\/\/smm.eesc.usp.br\/index.php?rest_route=\/wp\/v2\/users\/1"}],"replies":[{"embeddable":true,"href":"https:\/\/smm.eesc.usp.br\/index.php?rest_route=%2Fwp%2Fv2%2Fcomments&post=986"}],"version-history":[{"count":0,"href":"https:\/\/smm.eesc.usp.br\/index.php?rest_route=\/wp\/v2\/pages\/986\/revisions"}],"up":[{"embeddable":true,"href":"https:\/\/smm.eesc.usp.br\/index.php?rest_route=\/wp\/v2\/pages\/484"}],"wp:attachment":[{"href":"https:\/\/smm.eesc.usp.br\/index.php?rest_route=%2Fwp%2Fv2%2Fmedia&parent=986"}],"wp:term":[{"taxonomy":"wf_page_folders","embeddable":true,"href":"https:\/\/smm.eesc.usp.br\/index.php?rest_route=%2Fwp%2Fv2%2Fwf_page_folders&post=986"}],"curies":[{"name":"wp","href":"https:\/\/api.w.org\/{rel}","templated":true}]}}